701 (base 8) in base 4?
-32233001
-1000010100001101 (base 2) to base 14
-c5ad
Convert 16414425 (base 8) to base 10.
3807509
Convert -367 (base 11) to base 9.
-534
36517102 (base 8) to base 10
8035906
Convert 323223132 (base 4) to base 8.
735336
-5013320 (base 7) to base 14
-115980
What is 51888 (base 12) in base 8?
320250
213022230021 (base 4) to base 14
1513a9b
Convert -160cbc (base 14) to base 4.
-2330030112
17650212 (base 9) to base 10
8890328
327946 (base 14) to base 8
6416352
Convert 2509b (base 14) to base 5.
10400224
What is 7313cd (base 14) in base 13?
a5c860
What is 4607153 (base 9) in base 15?
3415b0
80208 (base 10) to base 13
2a67b
1021 (base 13) to base 6
14144
What is 1225467 (base 8) in base 14?
8b63d
101220222111 (base 3) to base 13
76b58
Convert -121202323 (base 4) to base 6.
-2124231
2112110320 (base 4) to base 9
1137561
55a0 (base 11) to base 16
1cca
211000201200012 (base 3) to base 11
6675a19
What is 3523585 (base 12) in base 4?
213012111311
Convert -1eb449 (base 15) to base 6.
-52141123
What is -1046777 (base 9) in base 6?
-20021024
Convert -4aa97 (base 14) to base 15.
-39432
What is -75324 (base 10) in base 11?
-51657
-63418a (base 11) to base 15
-150e82
What is 13a183 (base 14) in base 10?
680823
-1631a (base 13) to base 12
-20569
Convert -120a61 (base 13) to base 6.
-13115332
Convert -b1dd (base 16) to base 9.
-68412
Convert 85456 (base 13) to base 14.
63788
Convert -880535 (base 12) to base 15.
-2c9305
What is -21160005 (base 7) in base 14?
-34a705
-391cc (base 15) to base 2
-101100100110001011
What is 48b6 (base 12) in base 9?
12223
Convert -100001111001100110101111 (base 2) to base 12.
-2b86927
What is 10047c (base 16) in base 9?
1868850
Convert -233900 (base 16) to base 10.
-2308352
Convert -e8aa (base 15) to base 3.
-2111111121
Convert -321242 (base 9) to base 7.
-1424300
What is -11110101000000000 (base 2) in base 7?
-1031500
Convert -111101110101001110000 (base 2) to base 6.
-111232024
4dc779 (base 14) to base 12
a95a73
Convert 14232334 (base 6) to base 10.
486562
What is -101d834 (base 15) in base 9?
-23547144
-11432020 (base 5) to base 12
-52881
36957b (base 12) to base 11
556698
-104310 (base 10) to base 6
-2122530
-101010110001101111011001 (base 2) to base 7
-164213152
What is -ca169 (base 13) in base 6?
-11453342
-1545680 (base 9) to base 2
-11010001010000101101
What is 53101142 (base 7) in base 6?
240105135
-1442515 (base 9) to base 10
-795758
-1402b89 (base 13) to base 9
-12800125
What is -260b26 (base 14) in base 11?
-813a75
356f9e (base 16) to base 14
672338
Convert -7456043 (base 10) to base 13.
-171097a
What is 10222102000120 (base 3) in base 15?
2bb610
Convert -111111011000010011011 (base 2) to base 6.
-112302535
-4f63 (base 16) to base 7
-113152
Convert 1077659 (base 15) to base 7.
202021020
16dcee (base 16) to base 8
5556356
Convert 131023101 (base 4) to base 2.
11101001011010001
-111203313 (base 4) to base 12
-43133
What is 110402441 (base 5) in base 9?
813584
-3364564 (base 7) to base 9
-708321
What is 8a210 (base 13) in base 12?
101189
59049 (base 13) to base 12
7a153
-413015 (base 10) to base 12
-17b01b
What is 12202110120 (base 3) in base 5?
12111314
132331002 (base 4) to base 14
342c2
What is -442311404 (base 5) in base 14?
-37c5d5
100234404 (base 5) to base 16
617fa
Convert -1196461 (base 10) to base 2.
-100100100000110101101
-10024343 (base 6) to base 13
-9c08a
What is -1233099 (base 10) in base 11?
-77249a
-5a887 (base 14) to base 13
-798bc
Convert -27422 (base 9) to base 13.
-85b5
Convert -552255 (base 16) to base 6.
-315330153
Convert 1222202000 (base 3) to base 7.
222135
Convert -184767 (base 10) to base 15.
-39b2c
359ba8 (base 16) to base 14
6764ac
-12320524 (base 7) to base 9
-2077511
Convert -24202200 (base 6) to base 2.
-10111010001010111000
What is 837 (base 10) in base 7?
2304
Convert -321233022 (base 5) to base 9.
-2480853
-7d2e7 (base 16) to base 10
-512743
-2939b3 (base 12) to base 13
-1b2625
What is caab1 (base 15) in base 14?
12a802
What is 24400420 (base 5) in base 6?
4543040
-22425522 (base 6) to base 7
-5564165
What is 11160526 (base 7) in base 2?
11101101011101111110
197921 (base 10) to base 9
331442
2350312 (base 7) to base 9
503547
What is -3746e8 (base 16) in base 6?
-205351240
What is 22003301133 (base 4) in base 9?
4858123
What is 32ba8c (base 13) in base 14?
232302
Convert 10212110012 (base 4) to base 10.
1205510
Convert -441224 (base 6) to base 11.
-25546
What is -1279326 (base 10) in base 2?
-100111000010101011110
-231545051 (base 6) to base 14
-7d9a2b
Convert -323450533 (base 6) to base 8.
-26022131
Convert -201555 (base 9) to base 14.
-31682
Convert -449320 (base 12) to base 10.
-1094280
44400314 (base 5) to base 14
a1368
48508 (base 10) to base 12
240a4
-3214214 (base 6) to base 2
-100110100001000010
1535970 (base 10) to base 5
343122340
Convert -332364 (base 7) to base 2.
-1110010010000111
14242243 (base 5) to base 6
3113014
Convert -154503501 (base 6) to base 10.
-3305629
What is 1476813 (base 9) in base 2?
11000111110110100110
3a5424 (base 14) to base 11
1154854
-6454312 (base 7) to base 5
-200133110
Convert 21354 (base 11) to base 4.
13210323
11212200100 (base 3) to base 2
10111011011111010
-111222112220 (base 3) to base 13
-9837c
What is -73cc3 (base 16) in base 6?
-14055511
What is -12767 (base 13) in base 12?
-1797b
What is -28447 (base 9) in base 14?
-7081
What is -13124341 (base 5) in base 6?
-2441415
Convert -19678 (base 16) to base 10.
-104056
Convert -100033122 (base 4) to base 15.
-14a9c
What is 1422195 (base 15) in base 13?
301c697
122951 (base 10) to base 8
360107
What is 30003400 (base 5) in base 16?
39562
What is 49b82 (base 12) in base 15?
1ea38
Convert -30330211013 (base 4) to base 3.
-20101102111122
What is -2771582 (base 10) in base 15?
-39b322
-1246331 (base 8) to base 5
-42103403
-1175bd (base 16) to base 3
-2011010121202
-3142440 (base 6) to base 16
-257b8
Convert 142110404 (base 5) to base 2.
10110100001110110101
224033112 (base 5) to base 10
1002282
Convert 1120132201 (base 4) to base 14.
960db
-2aadc9 (base 15) to base 5
-1011434424
-116650 (base 11) to base 9
-311024
What is 24084 (base 10) in base 7?
130134
-7952 (base 11) to base 13
-49bb
Convert 1111100001011000001 (base 2) to base 6.
14522401
Convert -1379152 (base 10) to base 2.
-101010000101101010000
-103586 (base 15) to base 2
-10111100001010111111
What is 3f09d6 (base 16) in base 15?
569141
-19a1c6 (base 16) to base 9
-3140240
What is 44314111 (base 5) in base 14?
a06dd
Convert -331753 (base 11) to base 7.
-4333120
Convert 16164ca (base 13) to base 11.
4008217
Convert -2625a (base 13) to base 11.
-49149
Convert 1272302 (base 12) to base 8.
15667062
-333303224 (base 5) to base 2
-101100101001010011011
-1110100100111001 (base 2) to base 11
-40948
-99aedb (base 15) to base 12
-2554282
-746354 (base 8) to base 5
-30432233
Convert d8b7 (base 16) to base 9.
84083
Convert 508a19 (base 11) to base 12.
334a65
Convert -22023344 (base 5) to base 13.
-68189
Convert 31974 (base 12) to base 7.
361303
Convert -1210121222121 (base 3) to base 13.
-276892
Convert -2001110011 (base 5) to base 9.
-7342852
-4104005 (base 7) to base 11
-304256
-24421545 (base 8) to base 15
-714e78
Convert 11110100101101 (base 2) to base 5.
1000121
Convert -121e20 (base 16) to base 9.
-2208668
70267 (base 12) to base 3
21101121121
Convert 129b4 (base 12) to base 4.
12100120
Convert -73264 (base 13) to base 10.
-206938
Convert 11000110100011001 (base 2) to base 5.
11223112
Convert -541545 (base 6) to base 2.
-1010110111001001
What is -206453 (base 7) in base 3?
-1211020212
Convert -200121202020 (base 3) to base 8.
-1313650
What is 1457674 (base 10) in base 3?
2202001112221
Convert -8531414 (base 9) to base 12.
-16432aa
-2616725 (base 8) to base 13
-1c67b0
Convert -4300144 (base 5) to base 3.
-10122122212
Convert 104433 (base 9) to base 16.
f36f
What is 111110000210 (base 3) in base 15?
53633
Convert 62186 (base 9) to base 12.
1b873
What is 122011021012 (base 3) in base 14?
8b10d
What is 471553 (base 8) in base 11?
aa748
95921 (base 13) to base 6
5440022
Convert 1a0aa38 (base 14) to base 3.
220100021112112
Convert -3561651 (base 8) to base 16.
-ee3a9
-11000001011001100 (base 2) to base 15
-1e515
What is -8d054 (ba